?
9
What is the hundreds digit of 32114?
1
What is the units digit of 4032?
2
What is the thousands digit of 1023?
1
What is the tens digit of 1136?
3
What is the units digit of 91518?
8
What is the hundreds digit of 7847?
8
What is the thousands digit of 30983?
0
What is the units digit of 47683?
3
What is the ten thousands digit of 117455?
1
What is the units digit of 3006?
6
What is the units digit of 2536?
6
What is the tens digit of 223?
2
What is the hundreds digit of 803?
8
What is the tens digit of 684?
8
What is the ten thousands digit of 11382?
1
What is the units digit of 1363?
3
What is the units digit of 34324?
4
What is the thousands digit of 28811?
8
What is the tens digit of 10699?
9
What is the tens digit of 110?
1
What is the hundreds digit of 78695?
6
What is the hundreds digit of 398?
3
What is the thousands digit of 59049?
9
What is the tens digit of 51321?
2
What is the tens digit of 5346?
4
What is the units digit of 18935?
5
What is the units digit of 976?
6
What is the hundreds digit of 87029?
0
What is the ten thousands digit of 146991?
4
What is the tens digit of 2454?
5
What is the units digit of 2458?
8
What is the tens digit of 18666?
6
What is the tens digit of 4268?
6
What is the units digit of 2944?
4
What is the units digit of 6110?
0
What is the hundreds digit of 16057?
0
What is the hundreds digit of 1819?
8
What is the units digit of 24392?
2
What is the hundreds digit of 1845?
8
What is the tens digit of 1910?
1
What is the thousands digit of 2009?
2
What is the units digit of 2401?
1
What is the tens digit of 95284?
8
What is the units digit of 863?
3
What is the hundreds digit of 34546?
5
What is the thousands digit of 7094?
7
What is the thousands digit of 147583?
7
What is the hundreds digit of 4468?
4
What is the hundreds digit of 49815?
8
What is the ten thousands digit of 32394?
3
What is the hundreds digit of 58064?
0
What is the hundreds digit of 1519?
5
What is the thousands digit of 1302?
1
What is the units digit of 1248?
8
What is the ten thousands digit of 13944?
1
What is the tens digit of 4727?
2
What is the units digit of 87635?
5
What is the tens digit of 70636?
3
What is the thousands digit of 42979?
2
What is the ten thousands digit of 54932?
5
What is the hundreds digit of 20421?
4
What is the tens digit of 1349?
4
What is the thousands digit of 2178?
2
What is the tens digit of 20367?
6
What is the thousands digit of 1300?
1
What is the units digit of 9479?
9
What is the units digit of 856?
6
What is the thousands digit of 10122?
0
What is the ten thousands digit of 17288?
1
What is the units digit of 5282?
2
What is the units digit of 879?
9
What is the tens digit of 215?
1
What is the units digit of 2105?
5
What is the units digit of 1179?
9
What is the units digit of 147?
7
What is the ten thousands digit of 15535?
1
What is the hundreds digit of 584?
5
What is the units digit of 5532?
2
What is the ten thousands digit of 12061?
1
What is the units digit of 2098?
8
What is the tens digit of 88?
8
What is the units digit of 105?
5
What is the thousands digit of 3807?
3
What is the units digit of 344?
4
What is the thousands digit of 38337?
8
What is the tens digit of 2302?
0
What is the ten thousands digit of 10961?
1
What is the tens digit of 874?
7
What is the thousands digit of 4494?
4
What is the tens digit of 9427?
2
What is the hundreds digit of 3022?
0
What is the hundreds digit of 1457?
4
What is the hundred thousands digit of 100673?
1
What is the hundreds digit of 21907?
9
What is the ten thousands digit of 29313?
2
What is the units digit of 289?
9
What is the units digit of 86?
6
What is the units digit of 6418?
8
What is the ten thousands digit of 12218?
1
What is the hundreds digit of 22433?
4
What is the thousands digit of 5882?
5
What is the tens digit of 335?
3
What is the units digit of 1172?
2
What is the thousands digit of 16205?
6
What is the tens digit of 29925?
2
What is the hundreds digit of 812?
8
What is the ten thousands digit of 140887?
4
What is the thousands digit of 4260?
4
What is the hundreds digit of 1278?
2
What is the tens digit of 1009?
0
What is the hundreds digit of 13560?
5
What is the units digit of 541?
1
What is the units digit of 28100?
0
What is the hundreds digit of 76252?
2
What is the hundreds digit of 15695?
6
What is the tens digit of 5663?
6
What is the units digit of 493?
3
What is the tens digit of 1571?
7
What is the thousands digit of 40807?
0
What is the units digit of 1742?
2
What is the units digit of 13246?
6
What is the hundreds digit of 732?
7
What is the hundreds digit of 1594?
5
What is the hundred thousands digit of 128093?
1
What is the hundreds digit of 2266?
2
What is the units digit of 6549?
9
What is the tens digit of 2558?
5
What is the hundreds digit of 493?
4
What is the thousands digit of 1623?
1
What is the tens digit of 1453?
5
What is the thousands digit of 21715?
1
What is the hundreds digit of 3813?
8
What is the thousands digit of 77273?
7
What is the hundreds digit of 11422?
4
What is the hundreds digit of 2441?
4
What is the thousands digit of 43950?
3
What is the tens digit of 196?
9
What is the tens digit of 92015?
1
What is the ten thousands digit of 94983?
9
What is the tens digit of 1122?
2
What is the tens digit of 1981?
8
What is the tens digit of 452?
5
What is the hundreds digit of 193?
1
What is the ten thousands digit of 43501?
4
What is the ten thousands digit of 32257?
3
What is the ten thousands digit of 17957?
1
What is the thousands digit of 92916?
2
What is the thousands digit of 12674?
2
What is the ten thousands digit of 16187?
1
What is the tens digit of 1008?
0
What is the ten thousands digit of 16420?
1
What is the hundreds digit of 1183?
1
What is the units digit of 1858?
8
What is the hundreds digit of 3897?
8
What is the thousands digit of 1416?
1
What is the hundreds digit of 2860?
8
What is the tens digit of 834?
3
What is the tens digit of 21999?
9
What is the ten thousands digit of 36211?
3
What is the thousands digit of 1007?
1
What is the ten thousands digit of 21602?
2
What is the units digit of 78307?
7
What is the units digit of 10309?
9
What is the units digit of 2569?
9
What is the tens digit of 10972?
7
What is the tens digit of 11718?
1
What is the tens digit of 1164?
6
What is the hundreds digit of 26620?
6
What is the units digit of 7871?
1
What is the hundreds digit of 301?
3
What is the ten thousands digit of 20095?
2
What is the hundreds digit of 736?
7
What is the tens digit of 463?
6
What is the units digit of 853?
3
What is the tens digit of 4017?
1
What is the units digit of 5614?
4
What is the tens digit of 3746?
4
What is the thousands digit of 5206?
5
What is the units digit of 34598?
8
What is the tens digit of 42744?
4
What is the tens digit of 5469?
6
What is the ten thousands digit of 19226?
1
What is the units digit of 19539?
9
What is the hundreds digit of 4162?
1
What is the hundreds digit of 996?
9
What is the thousands digit of 169398?
9
What is the thousands digit of 1422?
1
What is the thousands digit of 8511?
8
What is the ten thousands digit of 21215?
2
What is the units digit of 33207?
7
What is the tens digit of 2479?
7
What is the tens digit of 406?
0
What is the hundreds digit of 3254?
2
What is the tens digit of 125?
2
What is the tens digit of 6283?
8
What is the hundreds digit of 73641?
6
What is the thousands digit of 5480?
5
What is the hundreds digit of 961?
9
What is the ten thousands digit of 113335?
1
What is the hundreds digit of 4268?
2
What is the tens digit of 375?
7
What is the thousands digit of 3466?
3
What is the thousands digit of 43006?
3
What is the thousands digit of 2113?
2
What is the thousands digit of 1265?
1
What is the hundreds digit of 40556?
5
What is the hundreds digit of 209?
2
What is the hundreds digit of 185?
1
What is the hundreds digit of 282?
2
What is the units digit of 10951?
1
What is the hundreds digit of 719?
7
What is the hundreds digit of 183996?
9
What is the hundreds digit of 14429?
4
What is the hundreds digit of 4412?
4
What is the units digit of 11?
1
What is the ten thousands digit of 27034?
2
What is the tens digit of 5410?
1
What is the tens digit of 5781?
8
What is the units digit